- 1. Let x be -2*(-3)/(-6 - 0). Let b(a) = x*k(a) + 2*z(a). Give b(0).
-2
Let w = 3 + 3. Suppose w = -g + 3*g. Suppose -g*a = -6*a + 3. Let n(o) = -5*o - 1. Determine n(a).
-6
Let o(i) = 2*i + 4. Let a be ((-1)/3)/((-11)/(-165)). Calculate o(a).
-6
Let k(g) = g**2 - 8*g + 4. Suppose -15*j + 17*j = 12. Calculate k(j).
-8
Let o(i) = i - 4 + 2*i**3 + 3 + 4*i**3 + i**2 + i**3. Calculate o(1).
8
Let k(h) be the third derivative of h**6/120 + h**5/10 + h**4/24 + 2*h**3/3 + 15*h**2. What is k(-6)?
-2
Let c(z) = 12*z - 124. Let j be c(10). Let d(v) = -v**2 + v. Let m(x) = -x**3 - 3*x**2 + 2*x - 2. Let a(f) = d(f) + m(f). Determine a(j).
-14
Let i(y) be the second derivative of y**5/20 - 5*y**4/12 + 5*y**3/6 - 24*y. Suppose -3*b + 11 + 1 = 0. Calculate i(b).
4
Suppose -29 = 8*z + 19. Let b(v) = v + 4. What is b(z)?
-2
Let n(q) = q**3 + q**2 + 1. Let f(y) be the second derivative of -y**4/12 + 2*y**3/3 - y**2/2 - y. Let t be f(3). Suppose t*c + c = 0. Determine n(c).
1
Let f(o) = -o**3 - o + 6*o - 1 + 4*o**2 + 4. Let u be (-1)/(4/40*-2). Give f(u).
3
Let x be 38/(-10) + (-6)/30. Let m(v) = -2*v**3 - 2*v**2 + 1. Let s be m(-2). Let r = x + s. Let g(z) = -z**3 + 6*z**2 - 3*z - 2. Determine g(r).
8
Let n be (-1)/(1*(-1)/7). Let k = 9 - n. Let j(r) = 2*r + 4*r - 3 - 4*r. Determine j(k).
1
Let c = 37 - 110/3. Let u(r) be the first derivative of -3*r - c*r**3 - 5/2*r**2 + 1. Determine u(-4).
1
Let o(u) = -4 + 36*u + 41*u - 73*u - u**2. Calculate o(4).
-4
Suppose 16 - 4 = -4*n. Let z(c) = -c**3 - 2*c**2 + c + 2. What is z(n)?
8
Let s(k) = k**3 + 5*k**2 + 3*k - 2. Suppose -5*o = 3*w + 44 - 4, 3*w = 2*o - 5. Calculate s(o).
-17
Let l(d) = 1 + 8*d**2 + 900*d**3 - 901*d**3 + 3 - 9*d + 3. What is l(7)?
-7
Let l = 9 + -6. Suppose -3 = -4*d + 2*j - 25, -12 = -d - l*j. Let x(y) = y**3 - y + 2*y**2 + y - 4*y - 3. Give x(d).
0
Let x(s) = s**3 + 2*s**2 - 5*s - 3. Suppose -2*a + 1 = 13. Let w(k) = -3*k + 3. Let z be w(4). Let o = z - a. Give x(o).
3
Let o(t) = -9*t**2 - 4*t + 9. Let h(j) = -j**2 - 4*j**2 - 4*j + 2 + 2*j + 3. Let b be (10/4)/(-5)*22. Let d(m) = b*h(m) + 6*o(m). Determine d(4).
7
Let x(f) be the third derivative of 0*f + 0 - 3*f**2 + f**3 - 1/24*f**4. Give x(0).
6
Let r(m) be the first derivative of 3*m**2/2 - 6*m + 17. Let n(u) = u**3 + 5*u**2 - 7*u - 2. Let l be n(-6). Give r(l).
6
Let j(c) be the third derivative of -c**5/60 - c**3 + c**2. Let t(v) = -3 - 4 + 5*v - 4*v. Let d be t(7). Determine j(d).
-6
Let d(r) = r**2 + 4*r + 1. Let m(g) = -g**3 - 4*g**2 - 4. Let j be m(-4). Let i = j - -1. Determine d(i).
-2
Let c = -3 + 4. Let z be c/(2/18*3). Let i(g) = g + 1. Give i(z).
4
Suppose 7 = -5*j - 3. Let w(l) = 2*l**3 + l**2 + 2*l. Calculate w(j).
-16
Let v(y) = -13*y**3 + 11*y**2 + 6*y + 11. Let u(t) = 9*t**3 - 7*t**2 - 4*t - 7. Let s(g) = -8*u(g) - 5*v(g). Let b = 1 + -2. Calculate s(b).
7
Let i be (2 - 2) + 3 - -1. Suppose -4*w + i*z = 24, 5*w + 2*z - 3 = 2. Let b(m) = -m**2 + m + 1. Give b(w).
-1
Let i(s) be the third derivative of -s**4/24 - 7*s**3/2 + s**2 - 34*s. Calculate i(-10).
-11
Let y be (0 - -18)/(-2) + -1. Let j be (-2)/1*5/y. Let p = j + 3. Let o(n) = -n**3 + 4*n**2 + 2*n - 2. Determine o(p).
6
Let s(j) = j + 2 + 0 - 3 - 3. Calculate s(2).
-2
Let c = -3 - -6. Let r(f) = 4*f - 5. Let h(w) = -w + 1. Let z(t) = c*h(t) + r(t). Determine z(-5).
-7
Let j(t) = -t**3 + 2*t. Let l(q) = q - 2. Let r be l(4). Determine j(r).
-4
Suppose -3*t - 30 = 2*t. Let j(k) = k**2 + 4*k - 6. Give j(t).
6
Let n(o) = o - 2. Suppose -2*m + 7*m = -c + 20, -m + 5*c - 22 = 0. Suppose m*j - 16 = 2. Calculate n(j).
4
Let x(c) = 5*c - 5. Let f(m) = -9*m + 9. Let z(y) = -6*f(y) - 11*x(y). Let i(w) = w**3 - 4*w**2 - 3*w + 6. Let g be i(4). What is z(g)?
7
Let q(n) be the second derivative of -5*n**3/6 - 3*n**2/2 + 5*n. Let v(l) = 4*l + 2. Let c(i) = 3*q(i) + 4*v(i). Calculate c(2).
1
Let c(v) be the first derivative of -v**3/3 + 4*v**2 - 7*v - 1. Suppose 4*u - f - 4 = 0, 5*u = -0*f - 2*f + 18. Let i be 2*(1 + 3/u). What is c(i)?
8
Let j(u) = -u**3 + 3*u**2 - 5. Let l(o) = -o + 1. Let t = 3 + -2. Let s(d) = t*j(d) + l(d). Suppose -30 = -5*w + 2*z + z, -4*w - 13 = 5*z. Give s(w).
-7
Let a(i) be the third derivative of 5*i**4/24 - i**3/2 - i**2. Suppose g - 2*g + 3 = 0. Calculate a(g).
12
Suppose 9*g - 4*g = 0. Suppose -w + 5 = -g*w. Let r(m) be the second derivative of m**3/3 - 3*m**2/2 + 8*m. Calculate r(w).
7
Let k(c) = c**2 + 6*c + 6. Let f be k(-4). Let s(v) = 3*v. What is s(f)?
-6
Let i be (15/(-6) - -3)*2. Suppose -2*z - 5 = -i. Let t(c) = -1. Let y(n) = -5*n + 1. Let g(v) = -4*t(v) - y(v). What is g(z)?
-7
Let y = -9 - -13. Let i(h) = h**2 - 2*h. Determine i(y).
8
Let d(s) = 2*s - 14. Let x(g) = -g + 7. Let l(y) = 6*d(y) + 13*x(y). Let t = -1 + 5. Calculate l(t).
3
Suppose -3*m - 29 = -m - 5*t, 0 = 3*m + 2*t - 4. Let z = m - -2. Suppose 3*g + 2*g = z. Let k(c) = -c**2 + c + 5. Determine k(g).
5
Let l(q) = q**2 + 3*q + 8. Let d(i) = -i**2 - 3*i - 7. Let v(n) = -3*d(n) - 2*l(n). Determine v(-5).
15
Let h(v) = v**2 - 3*v - 2. Let l(q) = q**2 + 4 + 4*q**2 - 3*q - 6*q**2 + 10*q. Let n be l(7). Calculate h(n).
2
Let a(b) = 5*b + 19. Let v(i) = -i - 4. Let h(n) = -2*a(n) - 11*v(n). Give h(-7).
-1
Let s(h) = -2*h - 3 + 2 + 373*h**3 - 375*h**3. Calculate s(-1).
3
Let d(f) = -1 + 7*f - 2 + 1. Let g be (437/76)/((-1)/(-4)). Let p = -21 + g. What is d(p)?
12
Let p(g) = 3*g**2 - 6. Let f(b) = -2*b**2 + 5. Let s(u) = -6*f(u) - 5*p(u). Suppose -3*a + 6 = 3*k, 3*k = 5*a + 13 + 9. Let d = k - 3. Give s(d).
-3
Let h(a) = -a**2 - 4 + 3*a - a + 3*a. Let o = 8 - -2. Let w = o + -6. Determine h(w).
0
Let l = 37 + -44. Let x(t) = t**2 + 7*t + 2. Determine x(l).
2
Let f(i) = i**2 + 6*i + 3. Suppose 3*g = 2*g - 2*h + 1, 0 = 3*g - h + 18. Calculate f(g).
-2
Let x = 13 - 9. Let w(h) = h**3 - 4*h**2 + h + 3. What is w(x)?
7
Let n(g) be the third derivative of 5*g**2 + 0*g**3 + 0*g + 1/60*g**5 + 0 - 1/4*g**4. What is n(6)?
0
Suppose 0 = -5*i + 2 - 12. Let j(t) = -3*t**2 - 2*t - 2. Determine j(i).
-10
Suppose -36 = -118*t + 127*t. Let y(z) = -z**2 + 9*z**2 + 6*z + z**2 + 4. Let i(p) = 8*p**2 + 6*p + 4. Let q(o) = 7*i(o) - 6*y(o). Calculate q(t).
12
Let h(w) = -5*w + 6. Let q(u) = -14*u + 18. Let j(s) = 11*h(s) - 4*q(s). Give j(0).
-6
Let c(b) = b - 1. Suppose 5 = -3*m + 11. Determine c(m).
1
Let v(k) = k**2 - 1 - k - k**3 + 1 - 2. Let a = -8 - -8. Give v(a).
-2
Let c(i) be the third derivative of i**6/120 - 3*i**5/20 - 3*i**4/8 - i**3/3 - 18*i**2. What is c(10)?
8
Let k(m) = 3*m**3 - 3*m**2 + 2*m + 2. Let s(z) = 4*z**3 - 3*z**2 + 2*z + 3. Let n(l) = 5*k(l) - 4*s(l). Let v(i) = -i + 3. Let t be v(7). Calculate n(t).
6
Suppose 2*l - 1 = l. Let k be (l/(-1))/2*-2. Let z(w) = 3*w**2 - 6. Let m(y) = 3*y**2 - 7. Let n(b) = 5*m(b) - 6*z(b). Calculate n(k).
-2
Let n(b) be the second derivative of b**5/20 + b**2 - 4*b + 7. Determine n(0).
2
Let r(f) = 2*f + 8. Let i be r(-6). Let p(q) = -q**3 + q**2 + q - 1. Let t(z) = 5*z**3 + z**2 + z + 1. Let s(o) = -4*p(o) - t(o). Determine s(i).
7
Let g(h) = -h**3 - 6*h**2 - 5*h + 4. Suppose 0 = -4*i - 14 - 2. Give g(i).
-8
Let g(d) be the third derivative of 0 - 5/6*d**3 - 1/12*d**4 + 0*d - 2*d**2. What is g(-5)?
5
Let l = 12 + -19. Let y(z) = z. Give y(l).
-7
Let n(g) = g**2 - g. Suppose -3*f - 5*x = -28 - 5, -4*x = -12. Let c be f/(-27) - (-11)/9. Let v be 5/2 - c/2. Give n(v).
2
Suppose 5*m + 2*u - 20 = 0, -6*m + 12 = -3*m + 2*u. Suppose 5*j = 1 + 4. Let a(v) = 0 - v + j + 0 - 2. Determine a(m).
-5
Let c(h) = -4*h - 1. Let t(k) = 3*k + 1. Let f(o) = -6*c(o) - 7*t(o). Let v(j) = j**3 - 13*j**2 - 15*j + 12. Let q be v(14). Calculate f(q).
-7
Let n be 1/(-3)*-2*6. Let r(f) = -f - 2*f**2 + n*f**2 - 2 - f**3 - f**2 + 3*f**2. Give r(2).
4
Let l(n) = -6*n - 4 + 2 - n**2 + 1. Let f = 6 + -9. Determine l(f).
8
Let t(j) = 23*j**3 - 2*j**2 - 9*j - 7. Let z(k) = -12*k**3 + k**2 + 5*k + 4. Let u(p) = 3*t(p) + 5*z(p). What is u(-1)?
-9
Let k(m) = -m + 1. Let i(s) = -s**2 + 10*s - 5. Let p(x) = i(x) + 4*k(x). Calculate p(3).
8
Let k be -2 - 2*1/(-2). Let l(v) = -v**2 + v + 1. Let x(z) = 2*z**2 - 4*z - 12. Let y(q) = k*x(q) - 3*l(q). Let j be (-2 - (-5 + 3))/(-2). Calculate y(j).
9
Suppose 0 = u - 0*u - 2. Let c be 48/21 - (-4)/(-14). Let m(v) = 3*v**u - 5*v**2 + v**2 + 2*v - 